
99
What is the greatest common factor of 212 and 3074?
106
Calculate the highest common divisor of 668 and 1002.
334
What is the highest common divisor of 32 and 17208?
8
Calculate the greatest common divisor of 655 and 3537.
131
Calculate the highest common divisor of 40 and 47780.
20
Calculate the highest common divisor of 270 and 8235.
135
What is the greatest common divisor of 6643 and 1547?
91
What is the highest common divisor of 260 and 140?
20
What is the highest common divisor of 912 and 6764?
76
What is the highest common factor of 9 and 369?
9
Calculate the greatest common divisor of 76788 and 237.
237
Calculate the highest common divisor of 6 and 26.
2
What is the highest common divisor of 221 and 187?
17
Calculate the highest common factor of 315 and 280.
35
What is the greatest common factor of 2880 and 15?
15
What is the highest common factor of 592 and 48?
16
What is the greatest common factor of 515 and 721?
103
Calculate the highest common divisor of 340 and 272.
68
What is the greatest common factor of 2 and 224?
2
Calculate the highest common factor of 148 and 333.
37
Calculate the greatest common divisor of 48 and 156.
12
Calculate the greatest common factor of 5170 and 22.
22
What is the greatest common factor of 1325 and 4240?
265
What is the highest common divisor of 12 and 342?
6
Calculate the highest common factor of 26 and 8827.
13
What is the greatest common divisor of 84 and 129?
3
Calculate the highest common divisor of 4009 and 133.
19
Calculate the greatest common divisor of 122 and 5917.
61
Calculate the highest common factor of 3956 and 4988.
172
What is the greatest common divisor of 14 and 11970?
14
Calculate the greatest common divisor of 61 and 2501.
61
What is the highest common divisor of 38150 and 654?
218
What is the highest common divisor of 26 and 377?
13
What is the greatest common divisor of 984 and 205?
41
Calculate the greatest common factor of 5015 and 2950.
295
What is the greatest common factor of 365 and 35?
5
Calculate the highest common divisor of 12806 and 38.
38
Calculate the highest common factor of 1 and 8.
1
Calculate the greatest common divisor of 11398 and 410.
82
Calculate the highest common factor of 134 and 2.
2
What is the greatest common divisor of 22 and 2662?
22
Calculate the highest common factor of 408 and 72.
24
What is the highest common factor of 24 and 256?
8
Calculate the highest common factor of 22 and 1342.
22
Calculate the greatest common factor of 4847 and 131.
131
What is the highest common factor of 85 and 5?
5
Calculate the greatest common factor of 740 and 20.
20
Calculate the highest common factor of 133 and 57.
19
Calculate the greatest common divisor of 2825 and 226.
113
What is the greatest common divisor of 533 and 82?
41
What is the greatest common factor of 150 and 1375?
25
What is the highest common factor of 132 and 77?
11
What is the greatest common factor of 22606 and 254?
254
Calculate the greatest common factor of 16 and 596.
4
What is the highest common divisor of 127 and 1?
1
What is the greatest common divisor of 1083 and 57?
57
Calculate the greatest common factor of 26 and 442.
26
Calculate the greatest common divisor of 446 and 13603.
223
Calculate the greatest common divisor of 240 and 2976.
48
What is the greatest common divisor of 315 and 30?
15
What is the highest common divisor of 94 and 34169?
47
What is the greatest common factor of 210 and 60?
30
Calculate the highest common factor of 690 and 75.
15
What is the highest common divisor of 231 and 525?
21
Calculate the highest common divisor of 10 and 10.
10
What is the greatest common factor of 22 and 418?
22
Calculate the highest common divisor of 2320 and 400.
80
What is the greatest common divisor of 96 and 15008?
32
What is the greatest common factor of 4 and 22844?
4
Calculate the greatest common factor of 2 and 280.
2
What is the highest common divisor of 396 and 144?
36
What is the highest common divisor of 118 and 5310?
118
What is the highest common factor of 159 and 12?
3
Calculate the highest common divisor of 47 and 188.
47
Calculate the highest common factor of 133 and 518.
7
What is the highest common divisor of 2325 and 2625?
75
What is the greatest common factor of 47222 and 14?
14
What is the greatest common factor of 216 and 13896?
72
What is the greatest common factor of 42 and 10?
2
Calculate the highest common factor of 31 and 403.
31
Calculate the greatest common factor of 462 and 8855.
77
Calculate the highest common divisor of 2028 and 20.
4
Calculate the highest common factor of 24 and 1101.
3
Calculate the highest common factor of 2678 and 1442.
206
Calculate the highest common factor of 17 and 544.
17
Calculate the highest common divisor of 75 and 285.
15
Calculate the highest common factor of 1450 and 2.
2
What is the greatest common divisor of 52 and 39?
13
What is the greatest common divisor of 34 and 238?
34
Calculate the highest common factor of 216 and 136.
8
What is the highest common divisor of 196 and 539?
49
Calculate the greatest common divisor of 854 and 14.
14
What is the greatest common factor of 22 and 1342?
22
What is the greatest common divisor of 962 and 814?
74
Calculate the highest common factor of 65 and 1840.
5
Calculate the greatest common factor of 2373 and 147.
21
Calculate the highest common factor of 378 and 54.
54
What is the greatest common divisor of 63 and 414?
9
Calculate the greatest common divisor of 4571 and 21.
7
What is the greatest common factor of 147 and 2121?
21
Calculate the greatest common divisor of 6 and 6054.
6
What is the greatest common divisor of 820 and 8?
4
Calculate the highest common divisor of 1138 and 2.
2
Calculate the greatest common divisor of 160 and 6520.
40
What is the greatest common factor of 49 and 2863?
7
What is the highest common factor of 12243 and 924?
231
What is the highest common factor of 11649 and 33?
33
Calculate the highest common divisor of 5952 and 31.
31
Calculate the highest common factor of 5 and 985.
5
What is the greatest common factor of 30 and 12795?
15
What is the greatest common divisor of 27 and 729?
27
Calculate the highest common factor of 528 and 594.
66
Calculate the greatest common factor of 1298 and 11.
11
Calculate the highest common factor of 276 and 1196.
92
What is the greatest common factor of 104 and 160?
8
What is the highest common divisor of 16 and 718?
2
Calculate the highest common factor of 22 and 44.
22
Calculate the greatest common factor of 4352 and 34.
34
What is the greatest common divisor of 119 and 14399?
119
Calculate the highest common divisor of 456 and 24.
24
Calculate the highest common divisor of 20 and 3140.
20
Calculate the highest common factor of 71 and 1136.
71
Calculate the highest common factor of 19494 and 108.
54
What is the greatest common factor of 1988 and 28?
28
What is the highest common factor of 197 and 47083?
197
Calculate the greatest common divisor of 728 and 39.
13
Calculate the greatest common factor of 61 and 1952.
61
Calculate the greatest common factor of 1092 and 651.
21
What is the highest common factor of 2 and 3392?
2
What is the greatest common factor of 493 and 85?
17
Calculate the highest common factor of 5733 and 252.
63
Calculate the greatest common divisor of 1250 and 400.
50
What is the highest common factor of 2496 and 32?
32
What is the greatest common factor of 1498 and 210?
14
What is the greatest common divisor of 167 and 22879?
167
Calculate the highest common divisor of 64 and 176.
16
Calculate the greatest common factor of 48 and 1968.
48
What is the greatest common divisor of 19710 and 90?
90
What is the highest common factor of 1424 and 178?
178
Calculate the greatest common factor of 129 and 172.
43
Calculate the greatest common divisor of 4 and 4224.
4
Calculate the greatest common divisor of 145 and 87.
29
Calculate the greatest common divisor of 1235 and 95.
95
What is the greatest common divisor of 1869 and 14?
7
Calculate the greatest common divisor of 318 and 530.
106
What is the greatest common divisor of 21 and 455?
7
Calculate the highest common divisor of 80 and 520.
40
Calculate the greatest common factor of 994 and 14.
14
What is the greatest common factor of 288 and 12?
12
What is